




{"id":949,"date":"2021-04-23T16:34:16","date_gmt":"2021-04-23T14:34:16","guid":{"rendered":"https:\/\/185.65.81.164\/portail\/services\/applications-copy\/"},"modified":"2021-04-23T16:57:14","modified_gmt":"2021-04-23T14:57:14","slug":"applications-copy","status":"publish","type":"page","link":"https:\/\/bdt.gers.fr\/portail\/services\/applications-copy\/","title":{"rendered":"Applications  test"},"content":{"rendered":"<div class=\"moduletable\">\n<div class=\"custom\">\n<h2>L\u2019acc\u00e8s \u00e0 certaines cartes est r\u00e9serv\u00e9 aux partenaires de la Banque de Donn\u00e9es Territoriales.<\/h2>\n<h3>Vous \u00eates partenaire de la Banque de Donn\u00e9es Territoriale du Gers<\/h3>\n<p>Vous pouvez faire \u00e9tablir un compte d\u2019acc\u00e8s au portail en remplissant le formulaire suivant (<a href=\"https:\/\/bdt.gers.fr\/images\/Fiche-inscription_Carto32.pdf\">formulaire d\u2019acc\u00e8s \u00e0 Carto32<\/a>). Le formulaire rempli est \u00e0 retourner sign\u00e9 par courriel, fax ou courrier au service Information G\u00e9ographique et Connaissance des Territoires du D\u00e9partement du Gers.<\/p>\n<p>Cellule Cartographie et D\u00e9cisionnel<br \/>\nD\u00e9partement du Gers<br \/>\nDirection Organisation des Syst\u00e8mes d\u2019Information et du Num\u00e9rique<br \/>\n81, route de Pessan \u2013 BP 20569<br \/>\nt\u00e9l. 05 62 67 44 64<br \/>\nfax. 05 62 67 44 66<br \/>\ncourriel. <span id=\"cloak6c562239ee9d0d5ca091556ac59dc6d6\"><a href=\"mailto:sig32@gers.fr\">sig32@gers.fr<\/a><\/span><\/p>\n<h3>Vous n\u2019\u00eates pas partenaire de la Banque de Donn\u00e9es Territoriales du Gers<\/h3>\n<p>Si vous \u00eates agent d\u2019un organisme qui assure des missions de service public (Service de l\u2019\u00c9tat, collectivit\u00e9 territoriale, \u00c9tablissement public, Syndicat) nous vous invitons \u00e0 contacter Le D\u00e9partement du Gers.<\/p>\n<p>Si vous \u00eates un particulier vous pouvez consulter les applications cartographiques en acc\u00e8s libre ci dessous.<\/p>\n<div class=\"divider\"><\/div>\n<div class=\"my_iframe_content\"><iframe class=\"my_iframe my_iframe_max\" src=\"https:\/\/185.65.81.164\/adws\/app\/6e3851b8-7791-11eb-8841-d3b6750a4779\/\" style=\"width:100%;height:450px;border:0 none;\" scrolling=\"auto\" title=\"\">Contenu de l\u2019iframe : <\/iframe><a class=\"my_iframe_switcher_size\" href=\"#\"><span>Switch iframe size<\/span><\/a><\/div>\n<p><script type=\"text\/javascript\">\n      jQuery(\".my_iframe_switcher_size\").click(function() {\n        jQuery(\"body\").toggleClass(\"page-template-iframe-max my_iframe_fullscreen\");\n      });\n      <\/script><\/p>\n<div class=\"divider\"><\/div>\n<h3>le shortcode <strong>geo_app_link<\/strong> ci dessous ne fonctionne pas dans une Iframe<\/h3>\n<div class=\"my_iframe_content\"><iframe class=\"my_iframe my_iframe_max\" src=\"\" style=\"width:100%;height:450px;border:0 none;\" scrolling=\"auto\" title=\"\">Contenu de l\u2019iframe : <\/iframe><a class=\"my_iframe_switcher_size\" href=\"#\"><span>Switch iframe size<\/span><\/a><\/div>\n<p><script type=\"text\/javascript\">\n      jQuery(\".my_iframe_switcher_size\").click(function() {\n        jQuery(\"body\").toggleClass(\"page-template-iframe-max my_iframe_fullscreen\");\n      });\n      <\/script><\/p>\n<p>\u00a0<\/p>\n<p>\u00a0<\/p>\n<\/div>\n<\/div>\n<div><\/div>\n","protected":false},"excerpt":{"rendered":"<p>L\u2019acc\u00e8s \u00e0 certaines cartes est r\u00e9serv\u00e9 aux partenaires de la Banque de Donn\u00e9es Territoriales. Vous \u00eates partenaire de la Banque de Donn\u00e9es Territoriale du Gers Vous pouvez faire \u00e9tablir un&#8230;<\/p>\n","protected":false},"author":2,"featured_media":0,"parent":446,"menu_order":211,"comment_status":"closed","ping_status":"closed","template":"page-widgets-sidebar.php","meta":[],"_links":{"self":[{"href":"https:\/\/bdt.gers.fr\/portail\/wp-json\/wp\/v2\/pages\/949"}],"collection":[{"href":"https:\/\/bdt.gers.fr\/portail\/wp-json\/wp\/v2\/pages"}],"about":[{"href":"https:\/\/bdt.gers.fr\/portail\/wp-json\/wp\/v2\/types\/page"}],"author":[{"embeddable":true,"href":"https:\/\/bdt.gers.fr\/portail\/wp-json\/wp\/v2\/users\/2"}],"replies":[{"embeddable":true,"href":"https:\/\/bdt.gers.fr\/portail\/wp-json\/wp\/v2\/comments?post=949"}],"version-history":[{"count":8,"href":"https:\/\/bdt.gers.fr\/portail\/wp-json\/wp\/v2\/pages\/949\/revisions"}],"predecessor-version":[{"id":966,"href":"https:\/\/bdt.gers.fr\/portail\/wp-json\/wp\/v2\/pages\/949\/revisions\/966"}],"up":[{"embeddable":true,"href":"https:\/\/bdt.gers.fr\/portail\/wp-json\/wp\/v2\/pages\/446"}],"wp:attachment":[{"href":"https:\/\/bdt.gers.fr\/portail\/wp-json\/wp\/v2\/media?parent=949"}],"curies":[{"name":"wp","href":"https:\/\/api.w.org\/{rel}","templated":true}]}}