




{"id":323,"date":"2021-03-02T11:29:12","date_gmt":"2021-03-02T10:29:12","guid":{"rendered":"https:\/\/bdt.gers.fr\/portail\/?page_id=323"},"modified":"2021-03-04T00:15:35","modified_gmt":"2021-03-03T23:15:35","slug":"agriculture-et-environnement","status":"publish","type":"page","link":"https:\/\/bdt.gers.fr\/portail\/carto\/agriculture-et-environnement\/","title":{"rendered":"Agriculture et Environnement"},"content":{"rendered":"<div class='w3eden'>\n<div class=''>\n<form method=\"get\" class=\"\" data-container=\"#content_wpdm_package_1\" id=\"sc_form_wpdm_package_1\" style=\"margin-bottom: 15px\">\n<div class=\"panel panel-default card category-panel wpdm-shortcode-toolbar\">\n<div class=\"panel-body card-body\">\n<div class=\"media\">\n<div class=\"mr-3\">\n                                                    <\/div>\n<div class=\"media-body\">\n<h3 style=\"margin: 0\">Agriculture et environnemnt<\/h3>\n<p>                            Recherche                        <\/p><\/div>\n<\/p><\/div>\n<\/p><\/div>\n<div class=\"panel-footer card-footer\">\n<div class=\"row\">\n<div class=\"col-lg-6 col-md-12\">\n                            <input type=\"text\" name=\"skw\" value=\"\" placeholder=\"Recherche par mots cl\u00e9s\u2026\" class=\"form-control\" \/>\n                        <\/div>\n<div class=\"col-lg-2 col-md-4\">\n                            <select name=\"orderby\" class=\"wpdm-custom-select custom-select\"><option value=\"date\" disabled=\"disabled\">Trier par\u00a0:<\/option><option value=\"date\" >Date de publication<\/option><option value=\"title\" >Titre<\/option><option value=\"update_date\" >Date de mise \u00e0 jour<\/option><option value=\"download_count\" >T\u00e9l\u00e9chargements<\/option><option value=\"view_count\" >Vues<\/option><\/select>\n                        <\/div>\n<div class=\"col-lg-2 col-md-4\">\n                            <select name=\"order\" class=\"wpdm-custom-select custom-select\"><option value=\"desc\" disabled=\"disabled\">Tri\u00a0:<\/option><option value=\"desc\" >D\u00e9croissant<\/option><option value=\"asc\" >Croissant<\/option><\/select>\n                        <\/div>\n<div class=\"col-lg-2 col-md-4\">\n                            <button type=\"submit\" class=\"btn btn-info btn-block\">Appliquer le filtre<\/button>\n                        <\/div>\n<\/p><\/div>\n<\/p><\/div>\n<\/p><\/div>\n<\/p><\/form>\n<div class=\"spacer mb-3 d-block clearfix\"><\/div>\n<div id=\"content_wpdm_package_1\">\n<div class='row'>\n<div class='col-lg-12 col-md-6 col-12'><!-- WPDM Link Template: Default Template (Extended) --><\/p>\n<div class=\"card card-default\">\n<div class=\"card-body\">\n<div class=\"media\">\n<div class=\"pull-left\"><img class=\"wpdm_icon\" alt=\"Ic\u00f4ne\"   src=\"https:\/\/bdt.gers.fr\/portail\/wp-content\/uploads\/min_Zonage_AOC_A3_2013.jpg\" \/><\/div>\n<div class=\"media-body\"><strong class=\"ptitle\">Zonages AOC<\/strong><\/p>\n<div>\n<p>D\u00e9limitation des zonages AOC pour les d\u00e9nominations:<\/p>\n<ul>\n<li>Saint-Mont<\/li>\n<li>Madiran<\/li>\n<li>Pacherenc<\/li>\n<li>Armagnac<\/li>\n<li>Floc de Gascogne<\/li>\n<li>C\u00f4tes de Gascogne<\/li>\n<\/ul>\n<p>Format d\u2019impression: A3<\/p>\n<\/div>\n<div><strong><a class='wpdm-download-link download-on-click btn btn-primary ' rel='nofollow' href='#' data-downloadurl=\"https:\/\/bdt.gers.fr\/portail\/download\/zonages-aoc\/?wpdmdl=528&refresh=6a0080fecb47c1778417918\">T\u00e9l\u00e9charger<\/a><\/strong><\/div>\n<\/p><\/div>\n<\/p><\/div>\n<\/p><\/div>\n<div class=\"card-footer\"><span class=\"pull-right\">164 downloads<\/span>583.37 KB<\/div>\n<\/div>\n<\/div>\n<div class='col-lg-12 col-md-6 col-12'><!-- WPDM Link Template: Default Template (Extended) --><\/p>\n<div class=\"card card-default\">\n<div class=\"card-body\">\n<div class=\"media\">\n<div class=\"pull-left\"><img class=\"wpdm_icon\" alt=\"Ic\u00f4ne\"   src=\"https:\/\/bdt.gers.fr\/portail\/wp-content\/uploads\/min_espacesnat_sites.jpg\" \/><\/div>\n<div class=\"media-body\"><strong class=\"ptitle\">Espaces Naturels \u2013 sites<\/strong><\/p>\n<div>\n<p>Cartes des espaces naturels du Gers r\u00e9pertoriant:<\/p>\n<p>les sites inscrits et class\u00e9s<\/p>\n<p>les grands sites inscrits et class\u00e9s<\/p>\n<p>les zones Natura 2000<\/p>\n<\/div>\n<div><strong><a class='wpdm-download-link download-on-click btn btn-primary ' rel='nofollow' href='#' data-downloadurl=\"https:\/\/bdt.gers.fr\/portail\/download\/sites-espaces-naturels\/?wpdmdl=520&refresh=6a0080fece4931778417918\">T\u00e9l\u00e9charger<\/a><\/strong><\/div>\n<\/p><\/div>\n<\/p><\/div>\n<\/p><\/div>\n<div class=\"card-footer\"><span class=\"pull-right\">57 downloads<\/span>1.15 MB<\/div>\n<\/div>\n<\/div>\n<div class='col-lg-12 col-md-6 col-12'><!-- WPDM Link Template: Default Template (Extended) --><\/p>\n<div class=\"card card-default\">\n<div class=\"card-body\">\n<div class=\"media\">\n<div class=\"pull-left\"><img class=\"wpdm_icon\" alt=\"Ic\u00f4ne\"   src=\"https:\/\/bdt.gers.fr\/portail\/wp-content\/uploads\/min_PrincipauxCoursdEau_A3_2013.jpg\" \/><\/div>\n<div class=\"media-body\"><strong class=\"ptitle\">Principaux Cours d\u2019eau<\/strong><\/p>\n<div>\n<p>Principaux cours d\u2019eau du d\u00e9partement du Gers.<\/p>\n<\/div>\n<div><strong><a class='wpdm-download-link download-on-click btn btn-primary ' rel='nofollow' href='#' data-downloadurl=\"https:\/\/bdt.gers.fr\/portail\/download\/principaux-cours-deau\/?wpdmdl=523&refresh=6a0080fecff981778417918\">T\u00e9l\u00e9charger<\/a><\/strong><\/div>\n<\/p><\/div>\n<\/p><\/div>\n<\/p><\/div>\n<div class=\"card-footer\"><span class=\"pull-right\">54 downloads<\/span>1.99 MB<\/div>\n<\/div>\n<\/div>\n<div class='col-lg-12 col-md-6 col-12'><!-- WPDM Link Template: Default Template (Extended) --><\/p>\n<div class=\"card card-default\">\n<div class=\"card-body\">\n<div class=\"media\">\n<div class=\"pull-left\"><img class=\"wpdm_icon\" alt=\"Ic\u00f4ne\"   src=\"https:\/\/bdt.gers.fr\/portail\/wp-content\/uploads\/min_CLC_A3_2013.jpg\" \/><\/div>\n<div class=\"media-body\"><strong class=\"ptitle\">Occupation du Sol<\/strong><\/p>\n<div>\n<p>Carte d\u2019occupation du sol selon la nomenclature <strong>Corine Land Cover<\/strong> ( projet de base de donn\u00e9es europ\u00e9enne d\u2019occupation biophysique des sols, pilot\u00e9 par l\u2019Agence europ\u00e9enne de l\u2019environnement, et couvrant 38 \u00e9tats).<\/p>\n<p>Format d\u2019impression: A3<\/p>\n<\/div>\n<div><strong><a class='wpdm-download-link download-on-click btn btn-primary ' rel='nofollow' href='#' data-downloadurl=\"https:\/\/bdt.gers.fr\/portail\/download\/occupation-du-sol\/?wpdmdl=522&refresh=6a0080fed1e461778417918\">T\u00e9l\u00e9charger<\/a><\/strong><\/div>\n<\/p><\/div>\n<\/p><\/div>\n<\/p><\/div>\n<div class=\"card-footer\"><span class=\"pull-right\">40 downloads<\/span>3.35 MB<\/div>\n<\/div>\n<\/div>\n<div class='col-lg-12 col-md-6 col-12'><!-- WPDM Link Template: Default Template (Extended) --><\/p>\n<div class=\"card card-default\">\n<div class=\"card-body\">\n<div class=\"media\">\n<div class=\"pull-left\"><img class=\"wpdm_icon\" alt=\"Ic\u00f4ne\"   src=\"https:\/\/bdt.gers.fr\/portail\/wp-content\/uploads\/min_foretdep.jpg\" \/><\/div>\n<div class=\"media-body\"><strong class=\"ptitle\">Forets d\u00e9partementales<\/strong><\/p>\n<div>\n<p>Localisation des for\u00eats d\u00e9partementales dans le Gers<\/p>\n<\/div>\n<div><strong><a class='wpdm-download-link download-on-click btn btn-primary ' rel='nofollow' href='#' data-downloadurl=\"https:\/\/bdt.gers.fr\/portail\/download\/forets-departementales\/?wpdmdl=529&refresh=6a0080fed3d301778417918\">T\u00e9l\u00e9charger<\/a><\/strong><\/div>\n<\/p><\/div>\n<\/p><\/div>\n<\/p><\/div>\n<div class=\"card-footer\"><span class=\"pull-right\">46 downloads<\/span>2.72 MB<\/div>\n<\/div>\n<\/div>\n<div class='col-lg-12 col-md-6 col-12'><!-- WPDM Link Template: Default Template (Extended) --><\/p>\n<div class=\"card card-default\">\n<div class=\"card-body\">\n<div class=\"media\">\n<div class=\"pull-left\"><img class=\"wpdm_icon\" alt=\"Ic\u00f4ne\"   src=\"https:\/\/bdt.gers.fr\/portail\/wp-content\/uploads\/min_espacesnat_znieff.jpg\" \/><\/div>\n<div class=\"media-body\"><strong class=\"ptitle\">Espaces Naturels ZNIEFF<\/strong><\/p>\n<div>\n<p>Carte des Zones Naturelles d\u2019Int\u00e9r\u00eat Ecologique, Faunistique et Floristique (ZNIEFF):<\/p>\n<p>Les ZNIEFF de type I, de superficie r\u00e9duite, sont des espaces homog\u00e8nes d\u2019un point de vue \u00e9cologique et qui abritent au moins une esp\u00e8ce et\/ou un habitat rares ou menac\u00e9s, d\u2019int\u00e9r\u00eat aussi bien local que r\u00e9gional, national ou communautaire\u00a0; ou ce sont des espaces d\u2019un grand <em>int\u00e9r\u00eat fonctionnel<\/em> pour le fonctionnement \u00e9cologique local.<\/p>\n<p>Les ZNIEFF de type II sont de grands ensembles naturels riches, ou peu modifi\u00e9s, qui offrent des potentialit\u00e9s biologiques importantes. Elles peuvent inclure des zones de type I et poss\u00e8dent un r\u00f4le fonctionnel ainsi qu\u2019une coh\u00e9rence \u00e9cologique et paysag\u00e8re.<\/p>\n<\/div>\n<div><strong><a class='wpdm-download-link download-on-click btn btn-primary ' rel='nofollow' href='#' data-downloadurl=\"https:\/\/bdt.gers.fr\/portail\/download\/espaces-naturels-znieff\/?wpdmdl=521&refresh=6a0080fed565d1778417918\">T\u00e9l\u00e9charger<\/a><\/strong><\/div>\n<\/p><\/div>\n<\/p><\/div>\n<\/p><\/div>\n<div class=\"card-footer\"><span class=\"pull-right\">38 downloads<\/span>3.76 MB<\/div>\n<\/div>\n<\/div>\n<div class='col-lg-12 col-md-6 col-12'><!-- WPDM Link Template: Default Template (Extended) --><\/p>\n<div class=\"card card-default\">\n<div class=\"card-body\">\n<div class=\"media\">\n<div class=\"pull-left\"><img class=\"wpdm_icon\" alt=\"Ic\u00f4ne\"   src=\"https:\/\/bdt.gers.fr\/portail\/wp-content\/uploads\/min_ENS.jpg\" \/><\/div>\n<div class=\"media-body\"><strong class=\"ptitle\">Espaces Naturels Sensibles 2017<\/strong><\/p>\n<div>\n<p>Les 74 espaces naturels sensibles du Gers du sch\u00e9ma d\u00e9partemental 2017-2021.<\/p>\n<\/div>\n<div><strong><a class='wpdm-download-link download-on-click btn btn-primary ' rel='nofollow' href='#' data-downloadurl=\"https:\/\/bdt.gers.fr\/portail\/download\/espaces-naturels-ens-2017\/?wpdmdl=531&refresh=6a0080fed6b401778417918\">T\u00e9l\u00e9charger<\/a><\/strong><\/div>\n<\/p><\/div>\n<\/p><\/div>\n<\/p><\/div>\n<div class=\"card-footer\"><span class=\"pull-right\">48 downloads<\/span>3.02 MB<\/div>\n<\/div>\n<\/div>\n<\/div>\n<div style='clear:both'><\/div>\n<div class='text-center'>\n<ul class='pagination wpdm-pagination pagination-centered text-center'><\/ul>\n<\/div>\n<div style='clear:both'><\/div>\n<\/p><\/div>\n<div style='clear:both'><\/div>\n<\/p><\/div>\n<\/div>\n","protected":false},"excerpt":{"rendered":"","protected":false},"author":2,"featured_media":0,"parent":258,"menu_order":0,"comment_status":"closed","ping_status":"closed","template":"","meta":[],"_links":{"self":[{"href":"https:\/\/bdt.gers.fr\/portail\/wp-json\/wp\/v2\/pages\/323"}],"collection":[{"href":"https:\/\/bdt.gers.fr\/portail\/wp-json\/wp\/v2\/pages"}],"about":[{"href":"https:\/\/bdt.gers.fr\/portail\/wp-json\/wp\/v2\/types\/page"}],"author":[{"embeddable":true,"href":"https:\/\/bdt.gers.fr\/portail\/wp-json\/wp\/v2\/users\/2"}],"replies":[{"embeddable":true,"href":"https:\/\/bdt.gers.fr\/portail\/wp-json\/wp\/v2\/comments?post=323"}],"version-history":[{"count":4,"href":"https:\/\/bdt.gers.fr\/portail\/wp-json\/wp\/v2\/pages\/323\/revisions"}],"predecessor-version":[{"id":790,"href":"https:\/\/bdt.gers.fr\/portail\/wp-json\/wp\/v2\/pages\/323\/revisions\/790"}],"up":[{"embeddable":true,"href":"https:\/\/bdt.gers.fr\/portail\/wp-json\/wp\/v2\/pages\/258"}],"wp:attachment":[{"href":"https:\/\/bdt.gers.fr\/portail\/wp-json\/wp\/v2\/media?parent=323"}],"curies":[{"name":"wp","href":"https:\/\/api.w.org\/{rel}","templated":true}]}}