




{"id":29,"date":"2017-10-23T16:41:18","date_gmt":"2017-10-23T14:41:18","guid":{"rendered":"\/portail\/?page_id=9"},"modified":"2021-10-14T14:50:28","modified_gmt":"2021-10-14T12:50:28","slug":"applications","status":"publish","type":"page","link":"https:\/\/bdt.gers.fr\/portail\/services\/applications\/","title":{"rendered":"Applications"},"content":{"rendered":"<div class=\"moduletable\">\n<div class=\"custom\">\n<h2>L\u2019acc\u00e8s \u00e0 certaines cartes est r\u00e9serv\u00e9 aux partenaires de la Banque de Donn\u00e9es Territoriales.<\/h2>\n<h3>Vous \u00eates partenaire de la Banque de Donn\u00e9es Territoriale du Gers<\/h3>\n<p>Vous pouvez faire \u00e9tablir un compte d\u2019acc\u00e8s au portail en remplissant le formulaire suivant (<a href=\"https:\/\/bdt.gers.fr\/portail\/wp-content\/uploads\/Fiche-inscription_Carto32_IDS_2021.pdf\">formulaire d\u2019acc\u00e8s \u00e0 Carto32<\/a>). Le formulaire rempli est \u00e0 retourner sign\u00e9 par courriel, fax ou courrier au service Information G\u00e9ographique et Connaissance des Territoires du D\u00e9partement du Gers.<\/p>\n<p>P\u00f4le Cartographie et D\u00e9cisionnel<br \/>\nD\u00e9partement du Gers<br \/>\nDirection Organisation des Syst\u00e8mes d\u2019Information et du Num\u00e9rique<br \/>\n81, route de Pessan \u2013 BP 20569<br \/>\nt\u00e9l. 05 62 67 44 64<br \/>\nfax. 05 62 67 44 66<br \/>\ncourriel. <span id=\"cloak6c562239ee9d0d5ca091556ac59dc6d6\"><a href=\"mailto:sig32@gers.fr\">sig32@gers.fr<\/a><\/span><\/p>\n<p>Vous pourrez acc\u00e9der aux cartes partenaires depuis le menu\u00a0 : Services \/ Applications \/ Partenaires<\/p>\n<p>ou en cliquant sur cette page : <a href=\"https:\/\/bdt.gers.fr\/portail\/services\/applications\/applications-geo-partenaires\/\" target=\"_blank\" rel=\"noopener\">https:\/\/bdt.gers.fr\/portail\/services\/applications\/applications-geo-partenaires\/<\/a><\/p>\n<h3>Vous n\u2019\u00eates pas partenaire de la Banque de Donn\u00e9es Territoriales du Gers<\/h3>\n<p>Si vous \u00eates agent d\u2019un organisme qui assure des missions de service public (Service de l\u2019\u00c9tat, collectivit\u00e9 territoriale, \u00c9tablissement public, Syndicat) nous vous invitons \u00e0 contacter Le D\u00e9partement du Gers.<\/p>\n<p>Si vous \u00eates un particulier vous pouvez consulter les applications cartographiques en acc\u00e8s libre ci dessous.<\/p>\n<p>\u00a0<\/p>\n<p>\u00a0<\/p>\n<\/div>\n<\/div>\n<div><\/div>\n<div><\/div>\n","protected":false},"excerpt":{"rendered":"<p>L\u2019acc\u00e8s \u00e0 certaines cartes est r\u00e9serv\u00e9 aux partenaires de la Banque de Donn\u00e9es Territoriales. Vous \u00eates partenaire de la Banque de Donn\u00e9es Territoriale du Gers Vous pouvez faire \u00e9tablir un&#8230;<\/p>\n","protected":false},"author":2,"featured_media":0,"parent":446,"menu_order":210,"comment_status":"closed","ping_status":"closed","template":"page-full-iframe.php","meta":[],"_links":{"self":[{"href":"https:\/\/bdt.gers.fr\/portail\/wp-json\/wp\/v2\/pages\/29"}],"collection":[{"href":"https:\/\/bdt.gers.fr\/portail\/wp-json\/wp\/v2\/pages"}],"about":[{"href":"https:\/\/bdt.gers.fr\/portail\/wp-json\/wp\/v2\/types\/page"}],"author":[{"embeddable":true,"href":"https:\/\/bdt.gers.fr\/portail\/wp-json\/wp\/v2\/users\/2"}],"replies":[{"embeddable":true,"href":"https:\/\/bdt.gers.fr\/portail\/wp-json\/wp\/v2\/comments?post=29"}],"version-history":[{"count":10,"href":"https:\/\/bdt.gers.fr\/portail\/wp-json\/wp\/v2\/pages\/29\/revisions"}],"predecessor-version":[{"id":1417,"href":"https:\/\/bdt.gers.fr\/portail\/wp-json\/wp\/v2\/pages\/29\/revisions\/1417"}],"up":[{"embeddable":true,"href":"https:\/\/bdt.gers.fr\/portail\/wp-json\/wp\/v2\/pages\/446"}],"wp:attachment":[{"href":"https:\/\/bdt.gers.fr\/portail\/wp-json\/wp\/v2\/media?parent=29"}],"curies":[{"name":"wp","href":"https:\/\/api.w.org\/{rel}","templated":true}]}}