




{"id":220,"date":"2021-02-24T22:35:00","date_gmt":"2021-02-24T21:35:00","guid":{"rendered":"https:\/\/bdt.gers.fr\/portail\/?page_id=220"},"modified":"2022-08-16T09:51:57","modified_gmt":"2022-08-16T07:51:57","slug":"assistance-2","status":"publish","type":"page","link":"https:\/\/bdt.gers.fr\/portail\/services\/assistance-2\/","title":{"rendered":"Assistance"},"content":{"rendered":"<h3>Outils<\/h3>\n<div class='w3eden'>\n<div class=''>\n<form method=\"get\" class=\"\" data-container=\"#content_wpdm_package_1\" id=\"sc_form_wpdm_package_1\" style=\"margin-bottom: 15px\">\n<div class=\"panel panel-default card category-panel wpdm-shortcode-toolbar\">\n<div class=\"panel-body card-body\">\n<div class=\"media\">\n<div class=\"mr-3\">\n                                                    <\/div>\n<div class=\"media-body\">\n<h3 style=\"margin: 0\">Liste d\u2019outils disponibles \u00e0 t\u00e9l\u00e9charger<\/h3>\n<\/p><\/div>\n<\/p><\/div>\n<\/p><\/div>\n<div class=\"panel-footer card-footer\">\n<div class=\"row\">\n<div class=\"col-lg-6 col-md-12\">\n                            <input type=\"text\" name=\"skw\" value=\"\" placeholder=\"Recherche par mots cl\u00e9s\u2026\" class=\"form-control\" \/>\n                        <\/div>\n<div class=\"col-lg-2 col-md-4\">\n                            <select name=\"orderby\" class=\"wpdm-custom-select custom-select\"><option value=\"date\" disabled=\"disabled\">Trier par\u00a0:<\/option><option value=\"date\" >Date de publication<\/option><option value=\"title\" >Titre<\/option><option value=\"update_date\" >Date de mise \u00e0 jour<\/option><option value=\"download_count\" >T\u00e9l\u00e9chargements<\/option><option value=\"view_count\" >Vues<\/option><\/select>\n                        <\/div>\n<div class=\"col-lg-2 col-md-4\">\n                            <select name=\"order\" class=\"wpdm-custom-select custom-select\"><option value=\"desc\" disabled=\"disabled\">Tri\u00a0:<\/option><option value=\"desc\" >D\u00e9croissant<\/option><option value=\"asc\" >Croissant<\/option><\/select>\n                        <\/div>\n<div class=\"col-lg-2 col-md-4\">\n                            <button type=\"submit\" class=\"btn btn-info btn-block\">Appliquer le filtre<\/button>\n                        <\/div>\n<\/p><\/div>\n<\/p><\/div>\n<\/p><\/div>\n<\/p><\/form>\n<div class=\"spacer mb-3 d-block clearfix\"><\/div>\n<div id=\"content_wpdm_package_1\">\n<div class='row'>\n<div class='col-lg-12 col-md-6 col-12'><!-- WPDM Link Template: Default Template (Extended) --><\/p>\n<div class=\"card card-default\">\n<div class=\"card-body\">\n<div class=\"media\">\n<div class=\"pull-left\"><img class=\"wpdm_icon\" alt=\"Ic\u00f4ne\" src=\"data:image\/svg+xml;base64,CiAgICAgICAgICAgIDxzdmcgeG1sbnM9Imh0dHA6Ly93d3cudzMub3JnLzIwMDAvc3ZnIiB2aWV3Qm94PSIwIDAgNDAgNDAiPgogICAgICAgICAgICAgICAgPGRlZnM+CiAgICAgICAgICAgICAgICAgICAgPGxpbmVhckdyYWRpZW50IGlkPSJncmFkaWVudCIgeDE9IjAiIHkxPSIwIiB4Mj0iMCIgeTI9IjEiPgogICAgICAgICAgICAgICAgICAgICAgICA8c3RvcCBzdG9wLWNvbG9yPSIjMjY5ZGVmIiBvZmZzZXQ9IjAiLz4KICAgICAgICAgICAgICAgICAgICAgICAgPHN0b3Agc3RvcC1jb2xvcj0iIzI2YmRlZiIgb2Zmc2V0PSIxIi8+CiAgICAgICAgICAgICAgICAgICAgPC9saW5lYXJHcmFkaWVudD4KICAgICAgICAgICAgICAgIDwvZGVmcz4KICAgICAgICAgICAgICAgIDxnPgogICAgICAgICAgICAgICAgICAgIDxyZWN0IGZpbGw9InVybCgjZ3JhZGllbnQpIiB4PSIwIiB5PSIwIiB3aWR0aD0iNDAiIGhlaWdodD0iNDAiIHJ4PSIzIiByeT0iMyIvPgogICAgICAgICAgICAgICAgICAgIDx0ZXh0IHg9IjUiIHk9IjE5IiBmb250LWZhbWlseT0iQXJpYWwsIEhlbHZldGljYSwgc2Fucy1zZXJpZiIgZm9udC1zaXplPSIxM3B4IiBsZXR0ZXItc3BhY2luZz0iMSIgZmlsbD0iI0ZGRkZGRiI+CiAgICAgICAgICAgICAgICAgICAgICAgIDx0c3Bhbj48L3RzcGFuPgogICAgICAgICAgICAgICAgICAgICAgICA8dHNwYW4geD0iNiIgeT0iMjgiPl88L3RzcGFuPgogICAgICAgICAgICAgICAgICAgIDwvdGV4dD4KICAgICAgICAgICAgICAgIDwvZz4KICAgICAgICAgICAgPC9zdmc+CgoJCQk=\" \/><\/div>\n<div class=\"media-body\"><strong class=\"ptitle\">Teamviewer<\/strong><\/p>\n<p>Dans le cadre d\u2019une assistance \u00e0 distance, merci de t\u00e9l\u00e9charger et d\u2019installer cette version de Teamviewer afin que nous puissions prendre la main sur votre poste.<\/p>\n<div><strong><a class='wpdm-download-link download-on-click btn btn-primary ' rel='nofollow' href='#' data-downloadurl=\"https:\/\/bdt.gers.fr\/portail\/download\/teamviewer\/?wpdmdl=419&refresh=6a0074c2879a41778414786\">T\u00e9l\u00e9charger<\/a><\/strong><\/div>\n<\/p><\/div>\n<\/p><\/div>\n<\/p><\/div>\n<div class=\"card-footer\"><span class=\"pull-right\">8 downloads<\/span>4.00 KB<\/div>\n<\/div>\n<\/div>\n<\/div>\n<div style='clear:both'><\/div>\n<div class='text-center'>\n<ul class='pagination wpdm-pagination pagination-centered text-center'><\/ul>\n<\/div>\n<div style='clear:both'><\/div>\n<\/p><\/div>\n<div style='clear:both'><\/div>\n<\/p><\/div>\n<\/div>\n<div class=\"clearboth\"><\/div>\n<h3>Carto32<\/h3>\n<div class='w3eden'>\n<div class=''>\n<form method=\"get\" class=\"\" data-container=\"#content_wpdm_package_2\" id=\"sc_form_wpdm_package_2\" style=\"margin-bottom: 15px\">\n<div class=\"panel panel-default card category-panel wpdm-shortcode-toolbar\">\n<div class=\"panel-body card-body\">\n<div class=\"media\">\n<div class=\"mr-3\">\n                                                    <\/div>\n<div class=\"media-body\">\n<h3 style=\"margin: 0\">Guides d\u2019utilisation des applications cartographiques<\/h3>\n<\/p><\/div>\n<\/p><\/div>\n<\/p><\/div>\n<div class=\"panel-footer card-footer\">\n<div class=\"row\">\n<div class=\"col-lg-6 col-md-12\">\n                            <input type=\"text\" name=\"skw\" value=\"\" placeholder=\"Recherche par mots cl\u00e9s\u2026\" class=\"form-control\" \/>\n                        <\/div>\n<div class=\"col-lg-2 col-md-4\">\n                            <select name=\"orderby\" class=\"wpdm-custom-select custom-select\"><option value=\"date\" disabled=\"disabled\">Trier par\u00a0:<\/option><option value=\"date\" >Date de publication<\/option><option value=\"title\" >Titre<\/option><option value=\"update_date\" >Date de mise \u00e0 jour<\/option><option value=\"download_count\" >T\u00e9l\u00e9chargements<\/option><option value=\"view_count\" >Vues<\/option><\/select>\n                        <\/div>\n<div class=\"col-lg-2 col-md-4\">\n                            <select name=\"order\" class=\"wpdm-custom-select custom-select\"><option value=\"desc\" disabled=\"disabled\">Tri\u00a0:<\/option><option value=\"desc\" >D\u00e9croissant<\/option><option value=\"asc\" >Croissant<\/option><\/select>\n                        <\/div>\n<div class=\"col-lg-2 col-md-4\">\n                            <button type=\"submit\" class=\"btn btn-info btn-block\">Appliquer le filtre<\/button>\n                        <\/div>\n<\/p><\/div>\n<\/p><\/div>\n<\/p><\/div>\n<\/p><\/form>\n<div class=\"spacer mb-3 d-block clearfix\"><\/div>\n<div id=\"content_wpdm_package_2\">\n<div class='row'>\n<div class='col-lg-12 col-md-6 col-12'><!-- WPDM Link Template: Default Template (Extended) --><\/p>\n<div class=\"card card-default\">\n<div class=\"card-body\">\n<div class=\"media\">\n<div class=\"pull-left\"><img class=\"wpdm_icon\" alt=\"Ic\u00f4ne\" src=\"https:\/\/bdt.gers.fr\/portail\/wp-content\/plugins\/download-manager\/assets\/file-type-icons\/pdf.svg\" \/><\/div>\n<div class=\"media-body\"><strong class=\"ptitle\">Notice de prise en main simplifi\u00e9e de carto32 version GEO de 2019<\/strong><\/p>\n<p>Notice simplifi\u00e9e d\u2019utilisation et de connexion \u00e0 la nouvelle version de Carto (version GEO 2019)<\/p>\n<div><strong><\/strong><\/div>\n<\/p><\/div>\n<\/p><\/div>\n<\/p><\/div>\n<div class=\"card-footer\"><span class=\"pull-right\">98 downloads<\/span>2.54 MB<\/div>\n<\/div>\n<\/div>\n<div class='col-lg-12 col-md-6 col-12'><!-- WPDM Link Template: Default Template (Extended) --><\/p>\n<div class=\"card card-default\">\n<div class=\"card-body\">\n<div class=\"media\">\n<div class=\"pull-left\"><img class=\"wpdm_icon\" alt=\"Ic\u00f4ne\"   src=\"https:\/\/bdt.gers.fr\/portail\/wp-content\/uploads\/rawpixel-com-211022_bzzt.jpg\" \/><\/div>\n<div class=\"media-body\"><strong class=\"ptitle\">Formulaire d\u2019inscription \u00e0 Carto32<\/strong><\/p>\n<p>Formulaire d\u2019inscription \u00e0 l\u2019application Carto32 de consultation des donn\u00e9es cadastrales et autres donn\u00e9es territoriales des partenaires de la BDT32.<\/p>\n<p><strong>Les codes d\u2019acc\u00e8s \u00e0 l\u2019application sont uniques et personnels et ne peuvent pas \u00eatre communiqu\u00e9s \u00e0 un tiers.<\/strong><\/p>\n<p>L\u2019acc\u00e8s aux informations nominatives n\u2019est plus soumis \u00e0 d\u00e9claration aupr\u00e8s de la CNIL (Commission Nationale Informatique et Libert\u00e9s) depuis la mise en place du R\u00e8glement G\u00e9n\u00e9ral \u00e0 la Protection des Donn\u00e9es (RGPD) en mai 2018.<\/p>\n<p>Les utilisateurs sont tenus de se mettre en conformit\u00e9 ce qui n\u00e9cessite que la collectivit\u00e9, le syndicat, l\u2019organisme doit :<\/p>\n<ol>\n<li>D\u00e9signer un d\u00e9l\u00e9gu\u00e9 \u00e0 la protection des donn\u00e9es (DPD)<\/li>\n<li>Constituer un registre du traitement effectu\u00e9 avec ces donn\u00e9es<\/li>\n<li>Garantir la s\u00e9curit\u00e9 des donn\u00e9es<\/li>\n<\/ol>\n<p>\u00a0<\/p>\n<p>Plus d\u2019information sur le site de la CNIL :<\/p>\n<ul>\n<li><a href=\"https:\/\/www.cnil.fr\/fr\/rgpd-par-ou-commencer\" target=\"_blank\" rel=\"noopener\">https:\/\/www.cnil.fr\/fr\/rgpd-par-ou-commencer<\/a><\/li>\n<li><a href=\"https:\/\/www.cnil.fr\/fr\/rgpd-passer-a-laction\" target=\"_blank\" rel=\"noopener\">https:\/\/www.cnil.fr\/fr\/rgpd-passer-a-laction<\/a><\/li>\n<li><a href=\"https:\/\/www.cnil.fr\/sites\/default\/files\/atoms\/files\/cnil-guide-collectivite-territoriale.pdf\" target=\"_blank\" rel=\"noopener\">https:\/\/www.cnil.fr\/sites\/default\/files\/atoms\/files\/cnil-guide-collectivite-territoriale.pdf<\/a><\/li>\n<\/ul>\n<div><strong><a class='wpdm-download-link download-on-click btn btn-primary ' rel='nofollow' href='#' data-downloadurl=\"https:\/\/bdt.gers.fr\/portail\/download\/formulaire-dinscription-a-carto32\/?wpdmdl=415&refresh=6a0074c28c3551778414786\">T\u00e9l\u00e9charger<\/a><\/strong><\/div>\n<\/p><\/div>\n<\/p><\/div>\n<\/p><\/div>\n<div class=\"card-footer\"><span class=\"pull-right\">83 downloads<\/span>186.91 KB<\/div>\n<\/div>\n<\/div>\n<\/div>\n<div style='clear:both'><\/div>\n<div class='text-center'>\n<ul class='pagination wpdm-pagination pagination-centered text-center'><\/ul>\n<\/div>\n<div style='clear:both'><\/div>\n<\/p><\/div>\n<div style='clear:both'><\/div>\n<\/p><\/div>\n<\/div>\n<h3>Guides th\u00e9matiques<\/h3>\n<div class='w3eden'>\n<div class=''>\n<form method=\"get\" class=\"\" data-container=\"#content_wpdm_package_3\" id=\"sc_form_wpdm_package_3\" style=\"margin-bottom: 15px\">\n<div class=\"panel panel-default card category-panel wpdm-shortcode-toolbar\">\n<div class=\"panel-body card-body\">\n<div class=\"media\">\n<div class=\"mr-3\">\n                                                    <\/div>\n<div class=\"media-body\">\n<h3 style=\"margin: 0\">Liste de guides pratiques<\/h3>\n<p>                            Recherche                        <\/p><\/div>\n<\/p><\/div>\n<\/p><\/div>\n<div class=\"panel-footer card-footer\">\n<div class=\"row\">\n<div class=\"col-lg-6 col-md-12\">\n                            <input type=\"text\" name=\"skw\" value=\"\" placeholder=\"Recherche par mots cl\u00e9s\u2026\" class=\"form-control\" \/>\n                        <\/div>\n<div class=\"col-lg-2 col-md-4\">\n                            <select name=\"orderby\" class=\"wpdm-custom-select custom-select\"><option value=\"date\" disabled=\"disabled\">Trier par\u00a0:<\/option><option value=\"date\" >Date de publication<\/option><option value=\"title\" >Titre<\/option><option value=\"update_date\" >Date de mise \u00e0 jour<\/option><option value=\"download_count\" >T\u00e9l\u00e9chargements<\/option><option value=\"view_count\" >Vues<\/option><\/select>\n                        <\/div>\n<div class=\"col-lg-2 col-md-4\">\n                            <select name=\"order\" class=\"wpdm-custom-select custom-select\"><option value=\"desc\" disabled=\"disabled\">Tri\u00a0:<\/option><option value=\"desc\" >D\u00e9croissant<\/option><option value=\"asc\" >Croissant<\/option><\/select>\n                        <\/div>\n<div class=\"col-lg-2 col-md-4\">\n                            <button type=\"submit\" class=\"btn btn-info btn-block\">Appliquer le filtre<\/button>\n                        <\/div>\n<\/p><\/div>\n<\/p><\/div>\n<\/p><\/div>\n<\/p><\/form>\n<div class=\"spacer mb-3 d-block clearfix\"><\/div>\n<div id=\"content_wpdm_package_3\">\n<div class='row'>\n<div class='col-lg-12 col-md-6 col-12'><!-- WPDM Link Template: Default Template (Extended) --><\/p>\n<div class=\"card card-default\">\n<div class=\"card-body\">\n<div class=\"media\">\n<div class=\"pull-left\"><img class=\"wpdm_icon\" alt=\"Ic\u00f4ne\" src=\"https:\/\/bdt.gers.fr\/portail\/wp-content\/plugins\/download-manager\/assets\/file-type-icons\/pdf.svg\" \/><\/div>\n<div class=\"media-body\"><strong class=\"ptitle\">D\u00e9cider d\u2019un nom de lieu : Guide pratique \u00e0 l\u2019usage des \u00e9lus<\/strong><\/p>\n<p>Un nom de lieu, ou toponyme, est un nom attribu\u00e9 \u00e0 un lieu par une communaut\u00e9 au cours de son histoire, dans une langue donn\u00e9e.<\/p>\n<p>La toponymie est la science de ces noms, ce terme pouvant aussi renvoyer \u00e0 l\u2019ensemble des noms de lieux d\u2019une r\u00e9gion donn\u00e9e (par exemple, on parle de \u00ab toponymie bretonne \u00bb).<\/p>\n<p>Les noms de lieux t\u00e9moignent des langues et des cultures successives dans lesquelles ils ont \u00e9t\u00e9 cr\u00e9\u00e9s et employ\u00e9s, et renseignent sur l\u2019histoire d\u2019un territoire. Plus pr\u00e9cis\u00e9ment, ils traduisent les repr\u00e9sentations que les soci\u00e9t\u00e9s humaines se font des lieux qu\u2019elles habitent ou fr\u00e9quentent. Ils r\u00e9sultent d\u2019une cr\u00e9ativit\u00e9 qui est n\u00e9cessaire, mais qui doit \u00eatre encadr\u00e9e.<\/p>\n<p>Comme tous les mots de la langue, un nom de lieu (rue, commune, intercommunalit\u00e9, d\u00e9partement, r\u00e9gion, etc.) doit \u00eatre, \u00e0 la fois, significatif pour les habitants du lieu et distinctif, notamment pour les autres utilisateurs. Un nouveau nom de lieu doit enfin pouvoir entrer facilement dans l\u2019usage courant.<\/p>\n<div><strong><a class='wpdm-download-link download-on-click btn btn-primary ' rel='nofollow' href='#' data-downloadurl=\"https:\/\/bdt.gers.fr\/portail\/download\/decider-dun-nom-de-lieu-guide-pratique-a-lusage-des-elus\/?wpdmdl=1194&refresh=6a0074c28dd961778414786\">T\u00e9l\u00e9charger<\/a><\/strong><\/div>\n<\/p><\/div>\n<\/p><\/div>\n<\/p><\/div>\n<div class=\"card-footer\"><span class=\"pull-right\">87 downloads<\/span>1.72 MB<\/div>\n<\/div>\n<\/div>\n<div class='col-lg-12 col-md-6 col-12'><!-- WPDM Link Template: Default Template (Extended) --><\/p>\n<div class=\"card card-default\">\n<div class=\"card-body\">\n<div class=\"media\">\n<div class=\"pull-left\"><img class=\"wpdm_icon\" alt=\"Ic\u00f4ne\" src=\"https:\/\/bdt.gers.fr\/portail\/wp-content\/plugins\/download-manager\/assets\/file-type-icons\/pdf.svg\" \/><\/div>\n<div class=\"media-body\"><strong class=\"ptitle\">Adressage \u2013 Guide des bonnes pratiques v3.1<\/strong><\/p>\n<p>Le guide \u00ab\u00a0Bonnes pratiques de l\u2019adresse\u00a0\u00bb est r\u00e9dig\u00e9 sur la base des principales interrogations des communes et en r\u00e9f\u00e9rence aux expertises suivantes :<\/p>\n<ul>\n<li style=\"text-align: left\">Association des Ing\u00e9nieurs Territoriaux de France (AITF), Groupe de travail sur la base adresse nationale : https:\/\/aitf-sig-topo.github.io\/voies-adresses\/<\/li>\n<\/ul>\n<p style=\"padding-left: 80px\">En particulier :<\/p>\n<ul>\n<li style=\"list-style-type: none\">\n<ul>\n<li style=\"list-style-type: none\">\n<ul>\n<li style=\"text-align: left\">Voies et adresses : les proc\u00e9dures l\u00e9gales et les bonnes pratiques en vigueur<\/li>\n<li style=\"text-align: left\">Format Base Adresse Locale (BAL)<\/li>\n<\/ul>\n<\/li>\n<\/ul>\n<\/li>\n<\/ul>\n<p>\u00a0<\/p>\n<ul>\n<li style=\"text-align: left\">Conseil National de l\u2019Information G\u00e9ographique, Commission de toponymie, \u00ab\u00a0<a href=\"https:\/\/bdt.gers.fr\/portail\/download\/decider-dun-nom-de-lieu-guide-pratique-a-lusage-des-elus\/\">D\u00e9cider du nom d\u2019un lieu. Guide pratiques \u00e0 l\u2019usage des \u00e9lus -2021<\/a>\u00ab\u00a0, Paris, DGLFLF, f\u00e9vrier 2021, 31p<\/li>\n<li style=\"text-align: left\">ANCT, Minist\u00e8re Charg\u00e9 de la Ville, \u00ab\u00a0Portraits de France\u00a0\u00bb, Paris, mars 2021, 449p<\/li>\n<\/ul>\n<p>\u00a0<\/p>\n<p>Plac\u00e9 sous le r\u00e9gime de la \u00ab licence ouverte \u00bb, ce document est diffusable et r\u00e9utilisable sans restriction<\/p>\n<div><strong><a class='wpdm-download-link download-on-click btn btn-primary ' rel='nofollow' href='#' data-downloadurl=\"https:\/\/bdt.gers.fr\/portail\/download\/adressage-guide-des-bonnes-pratiques\/?wpdmdl=1089&refresh=6a0074c28edc71778414786\">T\u00e9l\u00e9charger<\/a><\/strong><\/div>\n<\/p><\/div>\n<\/p><\/div>\n<\/p><\/div>\n<div class=\"card-footer\"><span class=\"pull-right\">48 downloads<\/span>1\u00a0011 Ko<\/div>\n<\/div>\n<\/div>\n<\/div>\n<div style='clear:both'><\/div>\n<div class='text-center'>\n<ul class='pagination wpdm-pagination pagination-centered text-center'><\/ul>\n<\/div>\n<div style='clear:both'><\/div>\n<\/p><\/div>\n<div style='clear:both'><\/div>\n<\/p><\/div>\n<\/div>\n<h3>Notices d\u2019utilisation<\/h3>\n<div class='w3eden'>\n<div class=''>\n<form method=\"get\" class=\"\" data-container=\"#content_wpdm_package_4\" id=\"sc_form_wpdm_package_4\" style=\"margin-bottom: 15px\">\n<div class=\"panel panel-default card category-panel wpdm-shortcode-toolbar\">\n<div class=\"panel-body card-body\">\n<div class=\"media\">\n<div class=\"mr-3\">\n                                                    <\/div>\n<div class=\"media-body\">\n<h3 style=\"margin: 0\">Liste des notices<\/h3>\n<p>                            Recherche                        <\/p><\/div>\n<\/p><\/div>\n<\/p><\/div>\n<div class=\"panel-footer card-footer\">\n<div class=\"row\">\n<div class=\"col-lg-6 col-md-12\">\n                            <input type=\"text\" name=\"skw\" value=\"\" placeholder=\"Recherche par mots cl\u00e9s\u2026\" class=\"form-control\" \/>\n                        <\/div>\n<div class=\"col-lg-2 col-md-4\">\n                            <select name=\"orderby\" class=\"wpdm-custom-select custom-select\"><option value=\"date\" disabled=\"disabled\">Trier par\u00a0:<\/option><option value=\"date\" >Date de publication<\/option><option value=\"title\" >Titre<\/option><option value=\"update_date\" >Date de mise \u00e0 jour<\/option><option value=\"download_count\" >T\u00e9l\u00e9chargements<\/option><option value=\"view_count\" >Vues<\/option><\/select>\n                        <\/div>\n<div class=\"col-lg-2 col-md-4\">\n                            <select name=\"order\" class=\"wpdm-custom-select custom-select\"><option value=\"desc\" disabled=\"disabled\">Tri\u00a0:<\/option><option value=\"desc\" >D\u00e9croissant<\/option><option value=\"asc\" >Croissant<\/option><\/select>\n                        <\/div>\n<div class=\"col-lg-2 col-md-4\">\n                            <button type=\"submit\" class=\"btn btn-info btn-block\">Appliquer le filtre<\/button>\n                        <\/div>\n<\/p><\/div>\n<\/p><\/div>\n<\/p><\/div>\n<\/p><\/form>\n<div class=\"spacer mb-3 d-block clearfix\"><\/div>\n<div id=\"content_wpdm_package_4\">\n<div class='row'>\n<div class='col-lg-12 col-md-6 col-12'><!-- WPDM Link Template: Default Template (Extended) --><\/p>\n<div class=\"card card-default\">\n<div class=\"card-body\">\n<div class=\"media\">\n<div class=\"pull-left\"><img class=\"wpdm_icon\" alt=\"Ic\u00f4ne\" src=\"https:\/\/bdt.gers.fr\/portail\/wp-content\/plugins\/download-manager\/assets\/file-type-icons\/pdf.svg\" \/><\/div>\n<div class=\"media-body\"><strong class=\"ptitle\">Application cartographique des assistants familiaux<\/strong><\/p>\n<p>Notice d\u2019utilisation de l\u2019application AssFam32<\/p>\n<div><strong><a class='wpdm-download-link download-on-click btn btn-primary ' rel='nofollow' href='#' data-downloadurl=\"https:\/\/bdt.gers.fr\/portail\/download\/doc-assfam32\/?wpdmdl=1630&refresh=6a0074c2907051778414786\">T\u00e9l\u00e9charger<\/a><\/strong><\/div>\n<\/p><\/div>\n<\/p><\/div>\n<\/p><\/div>\n<div class=\"card-footer\"><span class=\"pull-right\">53 downloads<\/span>795.34 KB<\/div>\n<\/div>\n<\/div>\n<\/div>\n<div style='clear:both'><\/div>\n<div class='text-center'>\n<ul class='pagination wpdm-pagination pagination-centered text-center'><\/ul>\n<\/div>\n<div style='clear:both'><\/div>\n<\/p><\/div>\n<div style='clear:both'><\/div>\n<\/p><\/div>\n<\/div>\n","protected":false},"excerpt":{"rendered":"<p>Outils Carto32 Guides th\u00e9matiques Notices d\u2019utilisation<\/p>\n","protected":false},"author":2,"featured_media":0,"parent":446,"menu_order":250,"comment_status":"closed","ping_status":"closed","template":"","meta":[],"_links":{"self":[{"href":"https:\/\/bdt.gers.fr\/portail\/wp-json\/wp\/v2\/pages\/220"}],"collection":[{"href":"https:\/\/bdt.gers.fr\/portail\/wp-json\/wp\/v2\/pages"}],"about":[{"href":"https:\/\/bdt.gers.fr\/portail\/wp-json\/wp\/v2\/types\/page"}],"author":[{"embeddable":true,"href":"https:\/\/bdt.gers.fr\/portail\/wp-json\/wp\/v2\/users\/2"}],"replies":[{"embeddable":true,"href":"https:\/\/bdt.gers.fr\/portail\/wp-json\/wp\/v2\/comments?post=220"}],"version-history":[{"count":15,"href":"https:\/\/bdt.gers.fr\/portail\/wp-json\/wp\/v2\/pages\/220\/revisions"}],"predecessor-version":[{"id":1634,"href":"https:\/\/bdt.gers.fr\/portail\/wp-json\/wp\/v2\/pages\/220\/revisions\/1634"}],"up":[{"embeddable":true,"href":"https:\/\/bdt.gers.fr\/portail\/wp-json\/wp\/v2\/pages\/446"}],"wp:attachment":[{"href":"https:\/\/bdt.gers.fr\/portail\/wp-json\/wp\/v2\/media?parent=220"}],"curies":[{"name":"wp","href":"https:\/\/api.w.org\/{rel}","templated":true}]}}