




{"id":218,"date":"2025-10-09T10:00:34","date_gmt":"2025-10-09T08:00:34","guid":{"rendered":"https:\/\/bdt.gers.fr\/portail\/?page_id=218"},"modified":"2025-10-09T09:57:06","modified_gmt":"2025-10-09T07:57:06","slug":"partenaires","status":"publish","type":"page","link":"https:\/\/bdt.gers.fr\/portail\/la-bdt\/partenaires\/","title":{"rendered":"Partenaires"},"content":{"rendered":"<div>\n<p><strong>Un partenariat gersois pour la connaissance des territoires<\/strong><\/p>\n<p>La Banque de Donn\u00e9es Territoriales du Gers comprend des membres fondateurs qui sont \u00e0 l\u2019origine de la d\u00e9marche et des structures qui ont depuis rejoint le partenariat.<\/p>\n<p>L\u2019animation du dispositif est dispens\u00e9e par le D\u00e9partement du Gers.<\/p>\n<p>1. Membres fondateurs<\/p>\n<ul>\n<li>D\u00e9partement du Gers<\/li>\n<li>Pr\u00e9fecture du Gers<\/li>\n<li>Direction D\u00e9partementale des Finances Publiques du Gers<\/li>\n<li>Direction D\u00e9partementale des Territoires du Gers<\/li>\n<li>Chambre D\u00e9partementale des G\u00e9om\u00e8tres Experts du Gers<\/li>\n<li>IGN<\/li>\n<li>ErDF\/GrDF<\/li>\n<li>Chambre de Commerce et d\u2019Industrie du Gers<\/li>\n<li>SAFER Gascogne Haut-Languedoc<\/li>\n<\/ul>\n<p>2. \u00c9tablissements publics<\/p>\n<ul>\n<li>SDIS du Gers<\/li>\n<li>Centre R\u00e9gional de la Propri\u00e9t\u00e9 Foresti\u00e8re<\/li>\n<li>Institut National de l\u2019Origine et de la Qualit\u00e9<\/li>\n<li>F\u00e9d\u00e9ration d\u00e9partementale de p\u00eache du Gers<\/li>\n<\/ul>\n<p>3. \u00c9tablissements Publics de Coop\u00e9ration Intercommunale<\/p>\n<ul>\n<li>Communaut\u00e9 d\u2019agglom\u00e9ration Grand Auch Coeur de Gascogne<\/li>\n<li>Communaut\u00e9 de communes Aire-sur-l\u2019Adour<\/li>\n<li>Communaut\u00e9 de communes Armagnac Adour<\/li>\n<li>Communaut\u00e9 de communes d\u2019Artagnan en Fezensac<\/li>\n<li>Communaut\u00e9 de communes Astarac Arros en Gascogne<\/li>\n<li>Communaut\u00e9 de communes du Bas Armagnac<\/li>\n<li>Communaut\u00e9 de communes Bastides de Lomagne<\/li>\n<li>Communaut\u00e9 de communes Bastides et Vallons du Gers<\/li>\n<li>Communaut\u00e9 de communes Coeur d\u2019Astarac en Gascogne<\/li>\n<li>Communaut\u00e9 de communes des Coteaux d\u2019Arrats-Gimone<\/li>\n<li>Communaut\u00e9 de communes de la Gascogne-Toulousaine<\/li>\n<li>Communaut\u00e9 de communes du Grand Armagnac<\/li>\n<li>Communaut\u00e9 de communes la Lomagne-Gersoise<\/li>\n<li>Communaut\u00e9 de communes Sav\u00e8s<\/li>\n<li>Communaut\u00e9 de communes la T\u00e9nar\u00e8ze<\/li>\n<li>Communaut\u00e9 de communes Val de Gers<\/li>\n<\/ul>\n<p>4. Structures des Pays<\/p>\n<ul>\n<li>PETR du Pays d\u2019Auch<\/li>\n<li>PETR du Pays d\u2019Armagnac<\/li>\n<li>PETR du Pays Portes de Gascogne<\/li>\n<li>PETR du Pays Val d\u2019Adour<\/li>\n<\/ul>\n<p>5. Syndicats<\/p>\n<ul>\n<li>Syndicat Mixte Gers Num\u00e9rique<\/li>\n<li>Syndicat Mixte Trigone<\/li>\n<li>Syndicat Mixte des Trois Vall\u00e9es<\/li>\n<li>SICTOM du secteur Centre<\/li>\n<li>SICTOM de Condom<\/li>\n<li>Syndicat des eaux Barousse, Comminge, Save<\/li>\n<li>SIAEP Auch Nord<\/li>\n<li>SIAEP d\u2019Estang<\/li>\n<li>SIAEP de la r\u00e9gion de Fleurance<\/li>\n<li>SIAEP de la Vall\u00e9e de l\u2019Arros<\/li>\n<li>SIAEP de Saint-M\u00e9zard<\/li>\n<li>SIAEP de Vic-Fezensac<\/li>\n<li>SIAEP de Viella<\/li>\n<li>SIAEP du Bassin Adour-Gersois<\/li>\n<li>SIDEAU de Masseube<\/li>\n<li>SIDEAU de Mirande<\/li>\n<li>SIDEL<\/li>\n<li>SIVOM de Montesquiou<\/li>\n<li>Syndicat des eaux de Marciac<\/li>\n<li>Syndicat des eaux de Valence-sur-Ba\u00efse<\/li>\n<li>Syndicat de Rivi\u00e8re de la G\u00e8le<\/li>\n<li>Syndicat de Rivi\u00e8re de la G\u00e9llise<\/li>\n<li>Syndicat de Rivi\u00e8re Izaute Midour<\/li>\n<li>Syndicat de Rivi\u00e8re Midour Douze<\/li>\n<li>Syndicat de Rivi\u00e8re Osse Giroue Auzoue<\/li>\n<li>Syndicat mixte des eaux du Pardiac Arros<\/li>\n<li>Syndicat territoire d\u2019\u00e9nergies du Gers<\/li>\n<\/ul>\n<p>6. Priv\u00e9s<\/p>\n<ul>\n<li>V\u00e9olia<\/li>\n<\/ul>\n<p>7. Associations<\/p>\n<ul>\n<li>Association fonci\u00e8re de remembrement d\u2019Endoufielle<\/li>\n<li>Association pour la cr\u00e9ation du PNR Astarac<\/li>\n<\/ul>\n<p>\u00a0<\/p>\n<\/div>\n","protected":false},"excerpt":{"rendered":"<p>Un partenariat gersois pour la connaissance des territoires La Banque de Donn\u00e9es Territoriales du Gers comprend des membres fondateurs qui sont \u00e0 l\u2019origine de la d\u00e9marche et des structures qui&#8230;<\/p>\n","protected":false},"author":2,"featured_media":0,"parent":215,"menu_order":120,"comment_status":"closed","ping_status":"closed","template":"","meta":[],"_links":{"self":[{"href":"https:\/\/bdt.gers.fr\/portail\/wp-json\/wp\/v2\/pages\/218"}],"collection":[{"href":"https:\/\/bdt.gers.fr\/portail\/wp-json\/wp\/v2\/pages"}],"about":[{"href":"https:\/\/bdt.gers.fr\/portail\/wp-json\/wp\/v2\/types\/page"}],"author":[{"embeddable":true,"href":"https:\/\/bdt.gers.fr\/portail\/wp-json\/wp\/v2\/users\/2"}],"replies":[{"embeddable":true,"href":"https:\/\/bdt.gers.fr\/portail\/wp-json\/wp\/v2\/comments?post=218"}],"version-history":[{"count":5,"href":"https:\/\/bdt.gers.fr\/portail\/wp-json\/wp\/v2\/pages\/218\/revisions"}],"predecessor-version":[{"id":1740,"href":"https:\/\/bdt.gers.fr\/portail\/wp-json\/wp\/v2\/pages\/218\/revisions\/1740"}],"up":[{"embeddable":true,"href":"https:\/\/bdt.gers.fr\/portail\/wp-json\/wp\/v2\/pages\/215"}],"wp:attachment":[{"href":"https:\/\/bdt.gers.fr\/portail\/wp-json\/wp\/v2\/media?parent=218"}],"curies":[{"name":"wp","href":"https:\/\/api.w.org\/{rel}","templated":true}]}}